{"version":"1.0","provider_name":"Tango Bohemio e.V., Tango Bielefeld","provider_url":"https:\/\/bohemio.de\/wp","author_name":"Sabrina Kohl","author_url":"https:\/\/bohemio.de\/wp\/author\/sabrinak\/","title":"Online Kurs startet am 24.02. - Tango Bohemio e.V., Tango Bielefeld","type":"rich","width":600,"height":338,"html":"<blockquote class=\"wp-embedded-content\" data-secret=\"HqfLsIlCBb\"><a href=\"https:\/\/bohemio.de\/wp\/2021\/02\/online-kurs-startet-am-24-02\/\">Online Kurs startet am 24.02.<\/a><\/blockquote><iframe sandbox=\"allow-scripts\" security=\"restricted\" src=\"https:\/\/bohemio.de\/wp\/2021\/02\/online-kurs-startet-am-24-02\/embed\/#?secret=HqfLsIlCBb\" width=\"600\" height=\"338\" title=\"&#8222;Online Kurs startet am 24.02.&#8220; &#8211; Tango Bohemio e.V., Tango Bielefeld\" data-secret=\"HqfLsIlCBb\" frameborder=\"0\" marginwidth=\"0\" marginheight=\"0\" scrolling=\"no\" class=\"wp-embedded-content\"><\/iframe><script>\n\/*! This file is auto-generated *\/\n!function(d,l){\"use strict\";l.querySelector&&d.addEventListener&&\"undefined\"!=typeof URL&&(d.wp=d.wp||{},d.wp.receiveEmbedMessage||(d.wp.receiveEmbedMessage=function(e){var t=e.data;if((t||t.secret||t.message||t.value)&&!\/[^a-zA-Z0-9]\/.test(t.secret)){for(var s,r,n,a=l.querySelectorAll('iframe[data-secret=\"'+t.secret+'\"]'),o=l.querySelectorAll('blockquote[data-secret=\"'+t.secret+'\"]'),c=new RegExp(\"^https?:$\",\"i\"),i=0;i<o.length;i++)o[i].style.display=\"none\";for(i=0;i<a.length;i++)s=a[i],e.source===s.contentWindow&&(s.removeAttribute(\"style\"),\"height\"===t.message?(1e3<(r=parseInt(t.value,10))?r=1e3:~~r<200&&(r=200),s.height=r):\"link\"===t.message&&(r=new URL(s.getAttribute(\"src\")),n=new URL(t.value),c.test(n.protocol))&&n.host===r.host&&l.activeElement===s&&(d.top.location.href=t.value))}},d.addEventListener(\"message\",d.wp.receiveEmbedMessage,!1),l.addEventListener(\"DOMContentLoaded\",function(){for(var e,t,s=l.querySelectorAll(\"iframe.wp-embedded-content\"),r=0;r<s.length;r++)(t=(e=s[r]).getAttribute(\"data-secret\"))||(t=Math.random().toString(36).substring(2,12),e.src+=\"#?secret=\"+t,e.setAttribute(\"data-secret\",t)),e.contentWindow.postMessage({message:\"ready\",secret:t},\"*\")},!1)))}(window,document);\n\/\/# sourceURL=https:\/\/bohemio.de\/wp\/wp-includes\/js\/wp-embed.min.js\n<\/script>\n","thumbnail_url":"https:\/\/bohemio.de\/wp\/wp-content\/uploads\/2019\/08\/56541951_811425499210588_9070065167793913856_o.jpg","thumbnail_width":1920,"thumbnail_height":1080,"description":"Liebe Bohemios, Ab dem 24.02. (19.30-21.00 Uhr) trainieren wir gemeinsam mit euch \u00fcber Zoom auf euren privaten Tanzfl\u00e4chen. Wir \u00fcben Technik, Musikalit\u00e4t und zeigen euch s\u00fc\u00dfe Kombinationen f\u00fcr den privaten Salon. Eine verbindliche Anmeldung ist ab Montag den 15.02. m\u00f6glich. Preis (4\u00d790 min): 40\u20ac Mitglieder\/ 50\u20ac Nicht-Mitglieder. Eine paarweise Anmeldung ist themenbedingt notwendig. Nach Zahlungseingang [&hellip;]"}

Liebe Bohemios, Ab dem 24.02. (19.30-21.00 Uhr) trainieren wir gemeinsam mit euch über Zoom auf euren privaten Tanzflächen. Wir üben Technik, Musikalität und zeigen euch süße Kombinationen für den privaten Salon. Eine verbindliche Anmeldung ist ab Montag den 15.02. möglich. Preis (4×90 min): 40€ Mitglieder/ 50€ Nicht-Mitglieder. Eine paarweise Anmeldung ist themenbedingt notwendig. Nach Zahlungseingang [&hellip;]
